{"id":41,"date":"2021-09-17T11:17:11","date_gmt":"2021-09-17T09:17:11","guid":{"rendered":"http:\/\/gouessax.com\/?page_id=41"},"modified":"2025-10-01T03:18:57","modified_gmt":"2025-10-01T01:18:57","slug":"saxophoniste-marseille-et-region-paca-gouessax","status":"publish","type":"page","link":"https:\/\/www.gouessax.com\/index.php\/saxophoniste-marseille-et-region-paca-gouessax\/","title":{"rendered":"CONTACT Alexis Gouesmel Saxophoniste Marseille"},"content":{"rendered":"<p>[et_pb_section fb_built=\u00a0\u00bb1&Prime; admin_label=\u00a0\u00bbsection\u00a0\u00bb _builder_version=\u00a0\u00bb4.17.6&Prime; background_color=\u00a0\u00bb#000000&Prime; background_image=\u00a0\u00bbhttps:\/\/www.gouessax.com\/wp-content\/uploads\/2022\/01\/Saxophone-Mariage-Marseille.jpg\u00a0\u00bb background_size=\u00a0\u00bbcontain\u00a0\u00bb min_height=\u00a0\u00bb873px\u00a0\u00bb global_colors_info=\u00a0\u00bb{}\u00a0\u00bb][et_pb_row _builder_version=\u00a0\u00bb4.17.6&Prime; _module_preset=\u00a0\u00bbdefault\u00a0\u00bb min_height=\u00a0\u00bb272.7px\u00a0\u00bb custom_padding=\u00a0\u00bb162px|||||\u00a0\u00bb global_colors_info=\u00a0\u00bb{}\u00a0\u00bb][et_pb_column type=\u00a0\u00bb4_4&Prime; _builder_version=\u00a0\u00bb4.17.6&Prime; _module_preset=\u00a0\u00bbdefault\u00a0\u00bb global_colors_info=\u00a0\u00bb{}\u00a0\u00bb][et_pb_contact_form captcha=\u00a0\u00bboff\u00a0\u00bb email=\u00a0\u00bbcontact@gouessax.com\u00a0\u00bb custom_message=\u00a0\u00bbMessage :||et_pb_line_break_holder||%%Name%%||et_pb_line_break_holder||%%Message%%||et_pb_line_break_holder||%%Email%%||et_pb_line_break_holder||%%Phone%%\u00a0\u00bb admin_label=\u00a0\u00bbFormulaire de contact\u00a0\u00bb _builder_version=\u00a0\u00bb4.17.6&Prime; _module_preset=\u00a0\u00bbdefault\u00a0\u00bb _unique_id=\u00a0\u00bb00077620-4ae3-4118-852f-dff09f91b3cd\u00a0\u00bb title_font=\u00a0\u00bb||||on||||\u00a0\u00bb captcha_font=\u00a0\u00bbArial|800|on||||||\u00a0\u00bb captcha_font_size=\u00a0\u00bb30px\u00a0\u00bb captcha_letter_spacing=\u00a0\u00bb8px\u00a0\u00bb captcha_line_height=\u00a0\u00bb1.8em\u00a0\u00bb background_color=\u00a0\u00bbrgba(0,0,0,0.74)\u00a0\u00bb custom_button=\u00a0\u00bbon\u00a0\u00bb button_text_size=\u00a0\u00bb33px\u00a0\u00bb button_border_width=\u00a0\u00bb9px\u00a0\u00bb button_border_radius=\u00a0\u00bb24px\u00a0\u00bb button_letter_spacing=\u00a0\u00bb0px\u00a0\u00bb button_font=\u00a0\u00bbArial|700|||||||\u00a0\u00bb text_orientation=\u00a0\u00bbcenter\u00a0\u00bb min_height=\u00a0\u00bb358.7px\u00a0\u00bb global_colors_info=\u00a0\u00bb{}\u00a0\u00bb][et_pb_contact_field field_id=\u00a0\u00bbName\u00a0\u00bb field_title=\u00a0\u00bbName \/ Nom :\u00a0\u00bb _builder_version=\u00a0\u00bb4.17.6&Prime; global_colors_info=\u00a0\u00bb{}\u00a0\u00bb button_text_size__hover_enabled=\u00a0\u00bboff\u00a0\u00bb button_one_text_size__hover_enabled=\u00a0\u00bboff\u00a0\u00bb button_two_text_size__hover_enabled=\u00a0\u00bboff\u00a0\u00bb button_text_color__hover_enabled=\u00a0\u00bboff\u00a0\u00bb button_one_text_color__hover_enabled=\u00a0\u00bboff\u00a0\u00bb button_two_text_color__hover_enabled=\u00a0\u00bboff\u00a0\u00bb button_border_width__hover_enabled=\u00a0\u00bboff\u00a0\u00bb button_one_border_width__hover_enabled=\u00a0\u00bboff\u00a0\u00bb button_two_border_width__hover_enabled=\u00a0\u00bboff\u00a0\u00bb button_border_color__hover_enabled=\u00a0\u00bboff\u00a0\u00bb button_one_border_color__hover_enabled=\u00a0\u00bboff\u00a0\u00bb button_two_border_color__hover_enabled=\u00a0\u00bboff\u00a0\u00bb button_border_radius__hover_enabled=\u00a0\u00bboff\u00a0\u00bb button_one_border_radius__hover_enabled=\u00a0\u00bboff\u00a0\u00bb button_two_border_radius__hover_enabled=\u00a0\u00bboff\u00a0\u00bb button_letter_spacing__hover_enabled=\u00a0\u00bboff\u00a0\u00bb button_one_letter_spacing__hover_enabled=\u00a0\u00bboff\u00a0\u00bb button_two_letter_spacing__hover_enabled=\u00a0\u00bboff\u00a0\u00bb button_bg_color__hover_enabled=\u00a0\u00bboff\u00a0\u00bb button_one_bg_color__hover_enabled=\u00a0\u00bboff\u00a0\u00bb button_two_bg_color__hover_enabled=\u00a0\u00bboff\u00a0\u00bb][\/et_pb_contact_field][et_pb_contact_field field_id=\u00a0\u00bbEmail\u00a0\u00bb field_title=\u00a0\u00bbE-mail :\u00a0\u00bb field_type=\u00a0\u00bbemail\u00a0\u00bb _builder_version=\u00a0\u00bb4.17.6&Prime; global_colors_info=\u00a0\u00bb{}\u00a0\u00bb button_text_size__hover_enabled=\u00a0\u00bboff\u00a0\u00bb button_one_text_size__hover_enabled=\u00a0\u00bboff\u00a0\u00bb button_two_text_size__hover_enabled=\u00a0\u00bboff\u00a0\u00bb button_text_color__hover_enabled=\u00a0\u00bboff\u00a0\u00bb button_one_text_color__hover_enabled=\u00a0\u00bboff\u00a0\u00bb button_two_text_color__hover_enabled=\u00a0\u00bboff\u00a0\u00bb button_border_width__hover_enabled=\u00a0\u00bboff\u00a0\u00bb button_one_border_width__hover_enabled=\u00a0\u00bboff\u00a0\u00bb button_two_border_width__hover_enabled=\u00a0\u00bboff\u00a0\u00bb button_border_color__hover_enabled=\u00a0\u00bboff\u00a0\u00bb button_one_border_color__hover_enabled=\u00a0\u00bboff\u00a0\u00bb button_two_border_color__hover_enabled=\u00a0\u00bboff\u00a0\u00bb button_border_radius__hover_enabled=\u00a0\u00bboff\u00a0\u00bb button_one_border_radius__hover_enabled=\u00a0\u00bboff\u00a0\u00bb button_two_border_radius__hover_enabled=\u00a0\u00bboff\u00a0\u00bb button_letter_spacing__hover_enabled=\u00a0\u00bboff\u00a0\u00bb button_one_letter_spacing__hover_enabled=\u00a0\u00bboff\u00a0\u00bb button_two_letter_spacing__hover_enabled=\u00a0\u00bboff\u00a0\u00bb button_bg_color__hover_enabled=\u00a0\u00bboff\u00a0\u00bb button_one_bg_color__hover_enabled=\u00a0\u00bboff\u00a0\u00bb button_two_bg_color__hover_enabled=\u00a0\u00bboff\u00a0\u00bb][\/et_pb_contact_field][et_pb_contact_field field_id=\u00a0\u00bbMessage\u00a0\u00bb field_title=\u00a0\u00bbMessage :\u00a0\u00bb field_type=\u00a0\u00bbtext\u00a0\u00bb fullwidth_field=\u00a0\u00bbon\u00a0\u00bb _builder_version=\u00a0\u00bb4.17.6&Prime; global_colors_info=\u00a0\u00bb{}\u00a0\u00bb button_text_size__hover_enabled=\u00a0\u00bboff\u00a0\u00bb button_one_text_size__hover_enabled=\u00a0\u00bboff\u00a0\u00bb button_two_text_size__hover_enabled=\u00a0\u00bboff\u00a0\u00bb button_text_color__hover_enabled=\u00a0\u00bboff\u00a0\u00bb button_one_text_color__hover_enabled=\u00a0\u00bboff\u00a0\u00bb button_two_text_color__hover_enabled=\u00a0\u00bboff\u00a0\u00bb button_border_width__hover_enabled=\u00a0\u00bboff\u00a0\u00bb button_one_border_width__hover_enabled=\u00a0\u00bboff\u00a0\u00bb button_two_border_width__hover_enabled=\u00a0\u00bboff\u00a0\u00bb button_border_color__hover_enabled=\u00a0\u00bboff\u00a0\u00bb button_one_border_color__hover_enabled=\u00a0\u00bboff\u00a0\u00bb button_two_border_color__hover_enabled=\u00a0\u00bboff\u00a0\u00bb button_border_radius__hover_enabled=\u00a0\u00bboff\u00a0\u00bb button_one_border_radius__hover_enabled=\u00a0\u00bboff\u00a0\u00bb button_two_border_radius__hover_enabled=\u00a0\u00bboff\u00a0\u00bb button_letter_spacing__hover_enabled=\u00a0\u00bboff\u00a0\u00bb button_one_letter_spacing__hover_enabled=\u00a0\u00bboff\u00a0\u00bb button_two_letter_spacing__hover_enabled=\u00a0\u00bboff\u00a0\u00bb button_bg_color__hover_enabled=\u00a0\u00bboff\u00a0\u00bb button_one_bg_color__hover_enabled=\u00a0\u00bboff\u00a0\u00bb button_two_bg_color__hover_enabled=\u00a0\u00bboff\u00a0\u00bb][\/et_pb_contact_field][et_pb_contact_field field_id=\u00a0\u00bbPhone\u00a0\u00bb field_title=\u00a0\u00bbN\u00b0 Phone :\u00a0\u00bb fullwidth_field=\u00a0\u00bbon\u00a0\u00bb _builder_version=\u00a0\u00bb4.17.6&Prime; _module_preset=\u00a0\u00bbdefault\u00a0\u00bb global_colors_info=\u00a0\u00bb{}\u00a0\u00bb][\/et_pb_contact_field][\/et_pb_contact_form][\/et_pb_column][\/et_pb_row][\/et_pb_section][et_pb_section fb_built=\u00a0\u00bb1&Prime; _builder_version=\u00a0\u00bb4.17.6&Prime; _module_preset=\u00a0\u00bbdefault\u00a0\u00bb background_color=\u00a0\u00bb#000000&Prime; locked=\u00a0\u00bboff\u00a0\u00bb global_colors_info=\u00a0\u00bb{}\u00a0\u00bb][et_pb_row column_structure=\u00a0\u00bb1_6,1_6,1_6,1_6,1_6,1_6&Prime; use_custom_gutter=\u00a0\u00bbon\u00a0\u00bb gutter_width=\u00a0\u00bb1&Prime; make_equal=\u00a0\u00bbon\u00a0\u00bb _builder_version=\u00a0\u00bb4.17.6&Prime; _module_preset=\u00a0\u00bbdefault\u00a0\u00bb width=\u00a0\u00bb96%\u00a0\u00bb max_width=\u00a0\u00bb2286px\u00a0\u00bb module_alignment=\u00a0\u00bbcenter\u00a0\u00bb global_colors_info=\u00a0\u00bb{}\u00a0\u00bb][et_pb_column type=\u00a0\u00bb1_6&Prime; _builder_version=\u00a0\u00bb4.17.6&Prime; _module_preset=\u00a0\u00bbdefault\u00a0\u00bb global_colors_info=\u00a0\u00bb{}\u00a0\u00bb][et_pb_image src=\u00a0\u00bbhttps:\/\/www.gouessax.com\/wp-content\/uploads\/2022\/01\/logo-1200.png\u00a0\u00bb alt=\u00a0\u00bbSaxophoniste Cocktails et soir\u00e9es Aix-Marseille &#038; R\u00e9gion PACA &#8211; GOUESSAX\u00a0\u00bb title_text=\u00a0\u00bbSaxophoniste Marseille &#038; R\u00e9gion PACA &#8211; GOUESSAX\u00a0\u00bb url=\u00a0\u00bbhttps:\/\/www.gouessax.com\u00a0\u00bb _builder_version=\u00a0\u00bb4.27.4&Prime; _module_preset=\u00a0\u00bbdefault\u00a0\u00bb hover_enabled=\u00a0\u00bb0&Prime; global_colors_info=\u00a0\u00bb{}\u00a0\u00bb sticky_enabled=\u00a0\u00bb0&Prime;][\/et_pb_image][\/et_pb_column][et_pb_column type=\u00a0\u00bb1_6&Prime; _builder_version=\u00a0\u00bb4.17.6&Prime; _module_preset=\u00a0\u00bbdefault\u00a0\u00bb global_colors_info=\u00a0\u00bb{}\u00a0\u00bb][et_pb_image src=\u00a0\u00bbhttps:\/\/www.gouessax.com\/wp-content\/uploads\/2022\/07\/Saxophoniste-Aix-Marseille-GOUESSAX-sur-FACEBOOK.png\u00a0\u00bb alt=\u00a0\u00bbSaxophoniste Aix Marseille GOUESSAX sur FACEBOOK\u00a0\u00bb title_text=\u00a0\u00bbSaxophoniste Aix Marseille GOUESSAX sur FACEBOOK\u00a0\u00bb url=\u00a0\u00bbhttps:\/\/www.facebook.com\/AlexisGouesmelSaxophoniste\u00a0\u00bb align=\u00a0\u00bbcenter\u00a0\u00bb _builder_version=\u00a0\u00bb4.17.6&Prime; _module_preset=\u00a0\u00bbdefault\u00a0\u00bb module_alignment=\u00a0\u00bbcenter\u00a0\u00bb height=\u00a0\u00bb170px\u00a0\u00bb hover_enabled=\u00a0\u00bb0&Prime; global_colors_info=\u00a0\u00bb{}\u00a0\u00bb sticky_enabled=\u00a0\u00bb0&Prime;][\/et_pb_image][\/et_pb_column][et_pb_column type=\u00a0\u00bb1_6&Prime; _builder_version=\u00a0\u00bb4.17.6&Prime; _module_preset=\u00a0\u00bbdefault\u00a0\u00bb global_colors_info=\u00a0\u00bb{}\u00a0\u00bb][et_pb_image src=\u00a0\u00bbhttps:\/\/www.gouessax.com\/wp-content\/uploads\/2022\/07\/Saxophoniste-Aix-Marseille-GOUESSAX-sur-INSTAGRAM-1-e1658309548836.png\u00a0\u00bb alt=\u00a0\u00bbSaxophoniste Marseille &#8211; Aix GOUESSAX sur INSTAGRAM\u00a0\u00bb title_text=\u00a0\u00bbSaxophoniste Aix Marseille GOUESSAX sur INSTAGRAM\u00a0\u00bb url=\u00a0\u00bbhttps:\/\/www.instagram.com\/goues.sax\/\u00a0\u00bb align=\u00a0\u00bbcenter\u00a0\u00bb admin_label=\u00a0\u00bbImage\u00a0\u00bb _builder_version=\u00a0\u00bb4.27.4&Prime; _module_preset=\u00a0\u00bbdefault\u00a0\u00bb width=\u00a0\u00bb100%\u00a0\u00bb max_width=\u00a0\u00bb100%\u00a0\u00bb module_alignment=\u00a0\u00bbcenter\u00a0\u00bb max_height=\u00a0\u00bb170px\u00a0\u00bb hover_enabled=\u00a0\u00bb0&Prime; global_colors_info=\u00a0\u00bb{}\u00a0\u00bb sticky_enabled=\u00a0\u00bb0&Prime;][\/et_pb_image][\/et_pb_column][et_pb_column type=\u00a0\u00bb1_6&Prime; _builder_version=\u00a0\u00bb4.17.6&Prime; _module_preset=\u00a0\u00bbdefault\u00a0\u00bb global_colors_info=\u00a0\u00bb{}\u00a0\u00bb][\/et_pb_column][et_pb_column type=\u00a0\u00bb1_6&Prime; _builder_version=\u00a0\u00bb4.17.6&Prime; _module_preset=\u00a0\u00bbdefault\u00a0\u00bb global_colors_info=\u00a0\u00bb{}\u00a0\u00bb][et_pb_text _builder_version=\u00a0\u00bb4.17.6&Prime; _module_preset=\u00a0\u00bbdefault\u00a0\u00bb min_height=\u00a0\u00bb146px\u00a0\u00bb custom_margin=\u00a0\u00bb|-101px||||\u00a0\u00bb custom_padding=\u00a0\u00bb19px|104px||0px||\u00a0\u00bb global_colors_info=\u00a0\u00bb{}\u00a0\u00bb]<\/p>\n<h1 style=\"text-align: center;\"><span style=\"color: #d6d6d6;\"><strong>CONTACT :<\/strong><\/span><\/h1>\n<h4 style=\"text-align: center;\"><span style=\"color: #d6d6d6;\">GOUESSAX Saxophoniste Cocktails et Soir\u00e9es<\/span><\/h4>\n<h4 style=\"text-align: center;\"><span style=\"color: #999999;\">+33663611063<\/span><\/h4>\n<h4 style=\"text-align: center;\"><a href=\"mailto:contact@gouessax.com\"><em><span style=\"color: #999999;\">contact@gouessax.com<\/span><\/em><\/a><\/h4>\n<p>[\/et_pb_text][\/et_pb_column][et_pb_column type=\u00a0\u00bb1_6&Prime; _builder_version=\u00a0\u00bb4.17.6&Prime; _module_preset=\u00a0\u00bbdefault\u00a0\u00bb global_colors_info=\u00a0\u00bb{}\u00a0\u00bb][\/et_pb_column][\/et_pb_row][\/et_pb_section]<\/p>\n","protected":false},"excerpt":{"rendered":"<p>CONTACT : GOUESSAX Saxophoniste Cocktails et Soir\u00e9es +33663611063 contact@gouessax.com<\/p>\n","protected":false},"author":1,"featured_media":0,"parent":0,"menu_order":0,"comment_status":"closed","ping_status":"closed","template":"","meta":{"_et_pb_use_builder":"on","_et_pb_old_content":"","_et_gb_content_width":"","footnotes":""},"class_list":["post-41","page","type-page","status-publish","hentry"],"yoast_head":"<!-- This site is optimized with the Yoast SEO plugin v27.4 - https:\/\/yoast.com\/product\/yoast-seo-wordpress\/ -->\n<title>CONTACT Alexis Gouesmel Saxophoniste Marseille - GOUESSAX<\/title>\n<meta name=\"description\" content=\"Saxophoniste Marseille Saxophoniste Marseille et r\u00e9gion PACA - GOUESSAX ! Le meilleur du saxo \u00e0 Marseille Aix et r\u00e9gion PACA\" \/>\n<meta name=\"robots\" content=\"index, follow, max-snippet:-1, max-image-preview:large, max-video-preview:-1\" \/>\n<link rel=\"canonical\" href=\"https:\/\/www.gouessax.com\/index.php\/saxophoniste-marseille-et-region-paca-gouessax\/\" \/>\n<meta property=\"og:locale\" content=\"fr_FR\" \/>\n<meta property=\"og:type\" content=\"article\" \/>\n<meta property=\"og:title\" content=\"CONTACT Alexis Gouesmel Saxophoniste Marseille - GOUESSAX\" \/>\n<meta property=\"og:description\" content=\"Saxophoniste Marseille Saxophoniste Marseille et r\u00e9gion PACA - GOUESSAX ! Le meilleur du saxo \u00e0 Marseille Aix et r\u00e9gion PACA\" \/>\n<meta property=\"og:url\" content=\"https:\/\/www.gouessax.com\/index.php\/saxophoniste-marseille-et-region-paca-gouessax\/\" \/>\n<meta property=\"og:site_name\" content=\"GOUESSAX\" \/>\n<meta property=\"article:modified_time\" content=\"2025-10-01T01:18:57+00:00\" \/>\n<meta name=\"twitter:card\" content=\"summary_large_image\" \/>\n<meta name=\"twitter:label1\" content=\"Dur\u00e9e de lecture estim\u00e9e\" \/>\n\t<meta name=\"twitter:data1\" content=\"1 minute\" \/>\n<script type=\"application\/ld+json\" class=\"yoast-schema-graph\">{\"@context\":\"https:\\\/\\\/schema.org\",\"@graph\":[{\"@type\":\"WebPage\",\"@id\":\"https:\\\/\\\/www.gouessax.com\\\/index.php\\\/saxophoniste-marseille-et-region-paca-gouessax\\\/\",\"url\":\"https:\\\/\\\/www.gouessax.com\\\/index.php\\\/saxophoniste-marseille-et-region-paca-gouessax\\\/\",\"name\":\"CONTACT Alexis Gouesmel Saxophoniste Marseille - GOUESSAX\",\"isPartOf\":{\"@id\":\"https:\\\/\\\/www.gouessax.com\\\/#website\"},\"datePublished\":\"2021-09-17T09:17:11+00:00\",\"dateModified\":\"2025-10-01T01:18:57+00:00\",\"description\":\"Saxophoniste Marseille Saxophoniste Marseille et r\u00e9gion PACA - GOUESSAX ! Le meilleur du saxo \u00e0 Marseille Aix et r\u00e9gion PACA\",\"breadcrumb\":{\"@id\":\"https:\\\/\\\/www.gouessax.com\\\/index.php\\\/saxophoniste-marseille-et-region-paca-gouessax\\\/#breadcrumb\"},\"inLanguage\":\"fr-FR\",\"potentialAction\":[{\"@type\":\"ReadAction\",\"target\":[\"https:\\\/\\\/www.gouessax.com\\\/index.php\\\/saxophoniste-marseille-et-region-paca-gouessax\\\/\"]}]},{\"@type\":\"BreadcrumbList\",\"@id\":\"https:\\\/\\\/www.gouessax.com\\\/index.php\\\/saxophoniste-marseille-et-region-paca-gouessax\\\/#breadcrumb\",\"itemListElement\":[{\"@type\":\"ListItem\",\"position\":1,\"name\":\"Accueil\",\"item\":\"https:\\\/\\\/www.gouessax.com\\\/\"},{\"@type\":\"ListItem\",\"position\":2,\"name\":\"CONTACT Alexis Gouesmel Saxophoniste Marseille\"}]},{\"@type\":\"WebSite\",\"@id\":\"https:\\\/\\\/www.gouessax.com\\\/#website\",\"url\":\"https:\\\/\\\/www.gouessax.com\\\/\",\"name\":\"GOUESSAX\",\"description\":\"Saxophoniste-Cocktails-soir\u00e9es-Aix-Marseille\",\"potentialAction\":[{\"@type\":\"SearchAction\",\"target\":{\"@type\":\"EntryPoint\",\"urlTemplate\":\"https:\\\/\\\/www.gouessax.com\\\/?s={search_term_string}\"},\"query-input\":{\"@type\":\"PropertyValueSpecification\",\"valueRequired\":true,\"valueName\":\"search_term_string\"}}],\"inLanguage\":\"fr-FR\"}]}<\/script>\n<!-- \/ Yoast SEO plugin. -->","yoast_head_json":{"title":"CONTACT Alexis Gouesmel Saxophoniste Marseille - GOUESSAX","description":"Saxophoniste Marseille Saxophoniste Marseille et r\u00e9gion PACA - GOUESSAX ! Le meilleur du saxo \u00e0 Marseille Aix et r\u00e9gion PACA","robots":{"index":"index","follow":"follow","max-snippet":"max-snippet:-1","max-image-preview":"max-image-preview:large","max-video-preview":"max-video-preview:-1"},"canonical":"https:\/\/www.gouessax.com\/index.php\/saxophoniste-marseille-et-region-paca-gouessax\/","og_locale":"fr_FR","og_type":"article","og_title":"CONTACT Alexis Gouesmel Saxophoniste Marseille - GOUESSAX","og_description":"Saxophoniste Marseille Saxophoniste Marseille et r\u00e9gion PACA - GOUESSAX ! Le meilleur du saxo \u00e0 Marseille Aix et r\u00e9gion PACA","og_url":"https:\/\/www.gouessax.com\/index.php\/saxophoniste-marseille-et-region-paca-gouessax\/","og_site_name":"GOUESSAX","article_modified_time":"2025-10-01T01:18:57+00:00","twitter_card":"summary_large_image","twitter_misc":{"Dur\u00e9e de lecture estim\u00e9e":"1 minute"},"schema":{"@context":"https:\/\/schema.org","@graph":[{"@type":"WebPage","@id":"https:\/\/www.gouessax.com\/index.php\/saxophoniste-marseille-et-region-paca-gouessax\/","url":"https:\/\/www.gouessax.com\/index.php\/saxophoniste-marseille-et-region-paca-gouessax\/","name":"CONTACT Alexis Gouesmel Saxophoniste Marseille - GOUESSAX","isPartOf":{"@id":"https:\/\/www.gouessax.com\/#website"},"datePublished":"2021-09-17T09:17:11+00:00","dateModified":"2025-10-01T01:18:57+00:00","description":"Saxophoniste Marseille Saxophoniste Marseille et r\u00e9gion PACA - GOUESSAX ! Le meilleur du saxo \u00e0 Marseille Aix et r\u00e9gion PACA","breadcrumb":{"@id":"https:\/\/www.gouessax.com\/index.php\/saxophoniste-marseille-et-region-paca-gouessax\/#breadcrumb"},"inLanguage":"fr-FR","potentialAction":[{"@type":"ReadAction","target":["https:\/\/www.gouessax.com\/index.php\/saxophoniste-marseille-et-region-paca-gouessax\/"]}]},{"@type":"BreadcrumbList","@id":"https:\/\/www.gouessax.com\/index.php\/saxophoniste-marseille-et-region-paca-gouessax\/#breadcrumb","itemListElement":[{"@type":"ListItem","position":1,"name":"Accueil","item":"https:\/\/www.gouessax.com\/"},{"@type":"ListItem","position":2,"name":"CONTACT Alexis Gouesmel Saxophoniste Marseille"}]},{"@type":"WebSite","@id":"https:\/\/www.gouessax.com\/#website","url":"https:\/\/www.gouessax.com\/","name":"GOUESSAX","description":"Saxophoniste-Cocktails-soir\u00e9es-Aix-Marseille","potentialAction":[{"@type":"SearchAction","target":{"@type":"EntryPoint","urlTemplate":"https:\/\/www.gouessax.com\/?s={search_term_string}"},"query-input":{"@type":"PropertyValueSpecification","valueRequired":true,"valueName":"search_term_string"}}],"inLanguage":"fr-FR"}]}},"_links":{"self":[{"href":"https:\/\/www.gouessax.com\/index.php\/wp-json\/wp\/v2\/pages\/41","targetHints":{"allow":["GET"]}}],"collection":[{"href":"https:\/\/www.gouessax.com\/index.php\/wp-json\/wp\/v2\/pages"}],"about":[{"href":"https:\/\/www.gouessax.com\/index.php\/wp-json\/wp\/v2\/types\/page"}],"author":[{"embeddable":true,"href":"https:\/\/www.gouessax.com\/index.php\/wp-json\/wp\/v2\/users\/1"}],"replies":[{"embeddable":true,"href":"https:\/\/www.gouessax.com\/index.php\/wp-json\/wp\/v2\/comments?post=41"}],"version-history":[{"count":20,"href":"https:\/\/www.gouessax.com\/index.php\/wp-json\/wp\/v2\/pages\/41\/revisions"}],"predecessor-version":[{"id":1210,"href":"https:\/\/www.gouessax.com\/index.php\/wp-json\/wp\/v2\/pages\/41\/revisions\/1210"}],"wp:attachment":[{"href":"https:\/\/www.gouessax.com\/index.php\/wp-json\/wp\/v2\/media?parent=41"}],"curies":[{"name":"wp","href":"https:\/\/api.w.org\/{rel}","templated":true}]}}